{"id":4882,"date":"2020-07-13T15:23:40","date_gmt":"2020-07-13T15:23:40","guid":{"rendered":"https:\/\/www.epav.pt\/epav\/?page_id=4882"},"modified":"2025-12-10T12:16:11","modified_gmt":"2025-12-10T12:16:11","slug":"professores","status":"publish","type":"page","link":"https:\/\/www.epav.pt\/epav\/documentos\/professores\/","title":{"rendered":"Professores"},"content":{"rendered":"\n<div class=\"wp-block-group\"><div class=\"wp-block-group__inner-container is-layout-constrained wp-block-group-is-layout-constrained\">\n<div class=\"wp-block-columns is-layout-flex wp-container-core-columns-is-layout-9d6595d7 wp-block-columns-is-layout-flex\">\n<div class=\"wp-block-column is-layout-flow wp-block-column-is-layout-flow\">\n<hr class=\"wp-block-separator has-text-color has-alpha-channel-opacity has-background\" style=\"background-color:#70c7b7;color:#70c7b7\"\/>\n<\/div>\n\n\n\n<div class=\"wp-block-column is-layout-flow wp-block-column-is-layout-flow\">\n<p class=\"has-text-align-center has-text-color has-link-color wp-elements-b991dd120962d6424951508f949a06dd\" style=\"color:#70c7b7\"><strong>DOCUMENTOS | PROFESSORES<\/strong><\/p>\n<\/div>\n\n\n\n<div class=\"wp-block-column is-layout-flow wp-block-column-is-layout-flow\">\n<hr class=\"wp-block-separator has-text-color has-alpha-channel-opacity has-background\" style=\"background-color:#70c7b7;color:#70c7b7\"\/>\n<\/div>\n<\/div>\n\n\n\n<div class=\"wp-block-columns is-layout-flex wp-container-core-columns-is-layout-9d6595d7 wp-block-columns-is-layout-flex\">\n<div class=\"wp-block-column is-layout-flow wp-block-column-is-layout-flow\">\n<p class=\"has-text-align-center has-small-font-size\"><strong>Avaliar para melhorar aprendizagens<\/strong><\/p>\n\n\n<div class=\"wp-block-image\">\n<figure class=\"aligncenter size-full is-resized\"><a href=\"https:\/\/www.epav.pt\/epav\/wp-content\/uploads\/2025\/12\/Avaliar_melhorar_Aprendizagens_EPAV_01.pdf\" target=\"_blank\" rel=\" noreferrer noopener\"><img loading=\"lazy\" decoding=\"async\" width=\"1810\" height=\"2560\" src=\"https:\/\/www.epav.pt\/epav\/wp-content\/uploads\/2025\/12\/CAPAS-DOCUMENTOS-Recovered-52-scaled.jpg\" alt=\"\" class=\"wp-image-11110\" style=\"width:300px\" srcset=\"https:\/\/www.epav.pt\/epav\/wp-content\/uploads\/2025\/12\/CAPAS-DOCUMENTOS-Recovered-52-scaled.jpg 1810w, https:\/\/www.epav.pt\/epav\/wp-content\/uploads\/2025\/12\/CAPAS-DOCUMENTOS-Recovered-52-212x300.jpg 212w, https:\/\/www.epav.pt\/epav\/wp-content\/uploads\/2025\/12\/CAPAS-DOCUMENTOS-Recovered-52-724x1024.jpg 724w, https:\/\/www.epav.pt\/epav\/wp-content\/uploads\/2025\/12\/CAPAS-DOCUMENTOS-Recovered-52-768x1086.jpg 768w, https:\/\/www.epav.pt\/epav\/wp-content\/uploads\/2025\/12\/CAPAS-DOCUMENTOS-Recovered-52-1086x1536.jpg 1086w, https:\/\/www.epav.pt\/epav\/wp-content\/uploads\/2025\/12\/CAPAS-DOCUMENTOS-Recovered-52-1448x2048.jpg 1448w\" sizes=\"auto, (max-width: 1810px) 100vw, 1810px\" \/><\/a><\/figure>\n<\/div><\/div>\n<\/div>\n<\/div><\/div>\n\n\n\n<div class=\"wp-block-group\"><div class=\"wp-block-group__inner-container is-layout-constrained wp-block-group-is-layout-constrained\">\n<hr class=\"wp-block-separator has-text-color has-alpha-channel-opacity has-background\" style=\"background-color:#70c7b7;color:#70c7b7\"\/>\n\n\n\n<div class=\"wp-block-columns is-layout-flex wp-container-core-columns-is-layout-9d6595d7 wp-block-columns-is-layout-flex\">\n<div class=\"wp-block-column is-layout-flow wp-block-column-is-layout-flow\">\n<p class=\"has-text-align-center has-small-font-size\"><strong>Regulamento de visitas de estudo<\/strong><\/p>\n\n\n<div class=\"wp-block-image\">\n<figure class=\"aligncenter size-full is-resized\"><a href=\"https:\/\/www.epav.pt\/epav\/wp-content\/uploads\/2025\/12\/Regulamento-das-Visitas-de-Estudo-1.pdf\"><img loading=\"lazy\" decoding=\"async\" width=\"1241\" height=\"1754\" src=\"https:\/\/www.epav.pt\/epav\/wp-content\/uploads\/2025\/12\/Paginas-de-Regulamento-das-Visitas-de-Estudo.jpg\" alt=\"\" class=\"wp-image-11160\" style=\"width:250px\" srcset=\"https:\/\/www.epav.pt\/epav\/wp-content\/uploads\/2025\/12\/Paginas-de-Regulamento-das-Visitas-de-Estudo.jpg 1241w, https:\/\/www.epav.pt\/epav\/wp-content\/uploads\/2025\/12\/Paginas-de-Regulamento-das-Visitas-de-Estudo-212x300.jpg 212w, https:\/\/www.epav.pt\/epav\/wp-content\/uploads\/2025\/12\/Paginas-de-Regulamento-das-Visitas-de-Estudo-725x1024.jpg 725w, https:\/\/www.epav.pt\/epav\/wp-content\/uploads\/2025\/12\/Paginas-de-Regulamento-das-Visitas-de-Estudo-768x1085.jpg 768w, https:\/\/www.epav.pt\/epav\/wp-content\/uploads\/2025\/12\/Paginas-de-Regulamento-das-Visitas-de-Estudo-1087x1536.jpg 1087w\" sizes=\"auto, (max-width: 1241px) 100vw, 1241px\" \/><\/a><\/figure>\n<\/div><\/div>\n\n\n\n<div class=\"wp-block-column is-layout-flow wp-block-column-is-layout-flow\">\n<p class=\"has-text-align-center has-small-font-size\"><strong>Reorganiza\u00e7\u00e3o curricular<\/strong><\/p>\n\n\n<div class=\"wp-block-image\">\n<figure class=\"aligncenter size-full is-resized\"><a href=\"https:\/\/www.epav.pt\/epav\/wp-content\/uploads\/2025\/12\/reorganizacao_curricular.pdf\" target=\"_blank\" rel=\" noreferrer noopener\"><img loading=\"lazy\" decoding=\"async\" width=\"1810\" height=\"2560\" src=\"https:\/\/www.epav.pt\/epav\/wp-content\/uploads\/2025\/12\/CAPAS-DOCUMENTOS-Recovered-50-scaled.jpg\" alt=\"\" class=\"wp-image-11108\" style=\"width:250px\" srcset=\"https:\/\/www.epav.pt\/epav\/wp-content\/uploads\/2025\/12\/CAPAS-DOCUMENTOS-Recovered-50-scaled.jpg 1810w, https:\/\/www.epav.pt\/epav\/wp-content\/uploads\/2025\/12\/CAPAS-DOCUMENTOS-Recovered-50-212x300.jpg 212w, https:\/\/www.epav.pt\/epav\/wp-content\/uploads\/2025\/12\/CAPAS-DOCUMENTOS-Recovered-50-724x1024.jpg 724w, https:\/\/www.epav.pt\/epav\/wp-content\/uploads\/2025\/12\/CAPAS-DOCUMENTOS-Recovered-50-768x1086.jpg 768w, https:\/\/www.epav.pt\/epav\/wp-content\/uploads\/2025\/12\/CAPAS-DOCUMENTOS-Recovered-50-1086x1536.jpg 1086w, https:\/\/www.epav.pt\/epav\/wp-content\/uploads\/2025\/12\/CAPAS-DOCUMENTOS-Recovered-50-1448x2048.jpg 1448w\" sizes=\"auto, (max-width: 1810px) 100vw, 1810px\" \/><\/a><\/figure>\n<\/div><\/div>\n<\/div>\n\n\n\n<div class=\"wp-block-columns is-layout-flex wp-container-core-columns-is-layout-9d6595d7 wp-block-columns-is-layout-flex\">\n<div class=\"wp-block-column is-layout-flow wp-block-column-is-layout-flow\">\n<p class=\"has-text-align-center has-small-font-size\"><strong>Reorganiza\u00e7\u00e3o curricular<\/strong><\/p>\n\n\n<div class=\"wp-block-image\">\n<figure class=\"aligncenter size-full is-resized\"><a href=\"https:\/\/www.epav.pt\/epav\/wp-content\/uploads\/2025\/12\/CEdigo-de-\u0090tica-e-de-Conduta.pdf\" target=\"_blank\" rel=\" noreferrer noopener\"><img loading=\"lazy\" decoding=\"async\" width=\"1811\" height=\"2560\" src=\"https:\/\/www.epav.pt\/epav\/wp-content\/uploads\/2025\/12\/CEdigo-de-\u0090tica-e-de-Conduta-1-scaled.jpg\" alt=\"\" class=\"wp-image-11111\" style=\"width:250px\" srcset=\"https:\/\/www.epav.pt\/epav\/wp-content\/uploads\/2025\/12\/CEdigo-de-\u0090tica-e-de-Conduta-1-scaled.jpg 1811w, https:\/\/www.epav.pt\/epav\/wp-content\/uploads\/2025\/12\/CEdigo-de-\u0090tica-e-de-Conduta-1-212x300.jpg 212w, https:\/\/www.epav.pt\/epav\/wp-content\/uploads\/2025\/12\/CEdigo-de-\u0090tica-e-de-Conduta-1-724x1024.jpg 724w, https:\/\/www.epav.pt\/epav\/wp-content\/uploads\/2025\/12\/CEdigo-de-\u0090tica-e-de-Conduta-1-768x1086.jpg 768w, https:\/\/www.epav.pt\/epav\/wp-content\/uploads\/2025\/12\/CEdigo-de-\u0090tica-e-de-Conduta-1-1086x1536.jpg 1086w, https:\/\/www.epav.pt\/epav\/wp-content\/uploads\/2025\/12\/CEdigo-de-\u0090tica-e-de-Conduta-1-1448x2048.jpg 1448w\" sizes=\"auto, (max-width: 1811px) 100vw, 1811px\" \/><\/a><\/figure>\n<\/div><\/div>\n\n\n\n<div class=\"wp-block-column is-layout-flow wp-block-column-is-layout-flow\">\n<p class=\"has-text-align-center has-small-font-size\"><strong>C\u00f3digo deontol\u00f3gico do professor<\/strong><\/p>\n\n\n<div class=\"wp-block-image\">\n<figure class=\"aligncenter size-full is-resized\"><a href=\"https:\/\/www.epav.pt\/epav\/wp-content\/uploads\/2025\/12\/Guia-do-docente-e-formador.pdf\"><img loading=\"lazy\" decoding=\"async\" width=\"1811\" height=\"2560\" src=\"https:\/\/www.epav.pt\/epav\/wp-content\/uploads\/2025\/12\/Guia-do-docente-e-formador-1-scaled.jpg\" alt=\"\" class=\"wp-image-11112\" style=\"width:250px\" srcset=\"https:\/\/www.epav.pt\/epav\/wp-content\/uploads\/2025\/12\/Guia-do-docente-e-formador-1-scaled.jpg 1811w, https:\/\/www.epav.pt\/epav\/wp-content\/uploads\/2025\/12\/Guia-do-docente-e-formador-1-212x300.jpg 212w, https:\/\/www.epav.pt\/epav\/wp-content\/uploads\/2025\/12\/Guia-do-docente-e-formador-1-724x1024.jpg 724w, https:\/\/www.epav.pt\/epav\/wp-content\/uploads\/2025\/12\/Guia-do-docente-e-formador-1-768x1086.jpg 768w, https:\/\/www.epav.pt\/epav\/wp-content\/uploads\/2025\/12\/Guia-do-docente-e-formador-1-1086x1536.jpg 1086w, https:\/\/www.epav.pt\/epav\/wp-content\/uploads\/2025\/12\/Guia-do-docente-e-formador-1-1448x2048.jpg 1448w\" sizes=\"auto, (max-width: 1811px) 100vw, 1811px\" \/><\/a><\/figure>\n<\/div><\/div>\n<\/div>\n<\/div><\/div>\n\n\n\n<div class=\"wp-block-group\"><div class=\"wp-block-group__inner-container is-layout-constrained wp-block-group-is-layout-constrained\">\n<div class=\"wp-block-columns is-layout-flex wp-container-core-columns-is-layout-9d6595d7 wp-block-columns-is-layout-flex\">\n<div class=\"wp-block-column is-layout-flow wp-block-column-is-layout-flow\"><\/div>\n<\/div>\n<\/div><\/div>\n","protected":false},"excerpt":{"rendered":"<p>DOCUMENTOS | PROFESSORES Avaliar para melhorar aprendizagens Regulamento de visitas de estudo Reorganiza\u00e7\u00e3o curricular Reorganiza\u00e7\u00e3o curricular C\u00f3digo deontol\u00f3gico do professor<\/p>\n","protected":false},"author":1,"featured_media":11041,"parent":1823,"menu_order":0,"comment_status":"closed","ping_status":"closed","template":"","meta":{"footnotes":""},"class_list":["post-4882","page","type-page","status-publish","has-post-thumbnail","hentry"],"acpt":null,"yoast_head":"<!-- This site is optimized with the Yoast SEO plugin v27.3 - https:\/\/yoast.com\/product\/yoast-seo-wordpress\/ -->\n<title>Professores - EPAV<\/title>\n<meta name=\"robots\" content=\"index, follow, max-snippet:-1, max-image-preview:large, max-video-preview:-1\" \/>\n<link rel=\"canonical\" href=\"https:\/\/www.epav.pt\/epav\/documentos\/professores\/\" \/>\n<meta property=\"og:locale\" content=\"pt_PT\" \/>\n<meta property=\"og:type\" content=\"article\" \/>\n<meta property=\"og:title\" content=\"Professores - EPAV\" \/>\n<meta property=\"og:description\" content=\"DOCUMENTOS | PROFESSORES Avaliar para melhorar aprendizagens Regulamento de visitas de estudo Reorganiza\u00e7\u00e3o curricular Reorganiza\u00e7\u00e3o curricular C\u00f3digo deontol\u00f3gico do professor\" \/>\n<meta property=\"og:url\" content=\"https:\/\/www.epav.pt\/epav\/documentos\/professores\/\" \/>\n<meta property=\"og:site_name\" content=\"EPAV\" \/>\n<meta property=\"article:modified_time\" content=\"2025-12-10T12:16:11+00:00\" \/>\n<meta property=\"og:image\" content=\"https:\/\/www.epav.pt\/epav\/wp-content\/uploads\/2025\/12\/Regulamento-das-Visitas-de-Estudo-1-scaled.jpg\" \/>\n\t<meta property=\"og:image:width\" content=\"1811\" \/>\n\t<meta property=\"og:image:height\" content=\"2560\" \/>\n\t<meta property=\"og:image:type\" content=\"image\/jpeg\" \/>\n<meta name=\"twitter:card\" content=\"summary_large_image\" \/>\n<meta name=\"twitter:label1\" content=\"Tempo estimado de leitura\" \/>\n\t<meta name=\"twitter:data1\" content=\"2 minutos\" \/>\n<script type=\"application\/ld+json\" class=\"yoast-schema-graph\">{\"@context\":\"https:\\\/\\\/schema.org\",\"@graph\":[{\"@type\":\"WebPage\",\"@id\":\"https:\\\/\\\/www.epav.pt\\\/epav\\\/documentos\\\/professores\\\/\",\"url\":\"https:\\\/\\\/www.epav.pt\\\/epav\\\/documentos\\\/professores\\\/\",\"name\":\"Professores - EPAV\",\"isPartOf\":{\"@id\":\"https:\\\/\\\/www.epav.pt\\\/epav\\\/#website\"},\"primaryImageOfPage\":{\"@id\":\"https:\\\/\\\/www.epav.pt\\\/epav\\\/documentos\\\/professores\\\/#primaryimage\"},\"image\":{\"@id\":\"https:\\\/\\\/www.epav.pt\\\/epav\\\/documentos\\\/professores\\\/#primaryimage\"},\"thumbnailUrl\":\"https:\\\/\\\/www.epav.pt\\\/epav\\\/wp-content\\\/uploads\\\/2025\\\/12\\\/Regulamento-das-Visitas-de-Estudo-1-scaled.jpg\",\"datePublished\":\"2020-07-13T15:23:40+00:00\",\"dateModified\":\"2025-12-10T12:16:11+00:00\",\"breadcrumb\":{\"@id\":\"https:\\\/\\\/www.epav.pt\\\/epav\\\/documentos\\\/professores\\\/#breadcrumb\"},\"inLanguage\":\"pt-PT\",\"potentialAction\":[{\"@type\":\"ReadAction\",\"target\":[\"https:\\\/\\\/www.epav.pt\\\/epav\\\/documentos\\\/professores\\\/\"]}]},{\"@type\":\"ImageObject\",\"inLanguage\":\"pt-PT\",\"@id\":\"https:\\\/\\\/www.epav.pt\\\/epav\\\/documentos\\\/professores\\\/#primaryimage\",\"url\":\"https:\\\/\\\/www.epav.pt\\\/epav\\\/wp-content\\\/uploads\\\/2025\\\/12\\\/Regulamento-das-Visitas-de-Estudo-1-scaled.jpg\",\"contentUrl\":\"https:\\\/\\\/www.epav.pt\\\/epav\\\/wp-content\\\/uploads\\\/2025\\\/12\\\/Regulamento-das-Visitas-de-Estudo-1-scaled.jpg\",\"width\":1811,\"height\":2560},{\"@type\":\"BreadcrumbList\",\"@id\":\"https:\\\/\\\/www.epav.pt\\\/epav\\\/documentos\\\/professores\\\/#breadcrumb\",\"itemListElement\":[{\"@type\":\"ListItem\",\"position\":1,\"name\":\"In\u00edcio\",\"item\":\"https:\\\/\\\/www.epav.pt\\\/epav\\\/\"},{\"@type\":\"ListItem\",\"position\":2,\"name\":\"Documentos\",\"item\":\"https:\\\/\\\/www.epav.pt\\\/epav\\\/documentos\\\/\"},{\"@type\":\"ListItem\",\"position\":3,\"name\":\"Professores\"}]},{\"@type\":\"WebSite\",\"@id\":\"https:\\\/\\\/www.epav.pt\\\/epav\\\/#website\",\"url\":\"https:\\\/\\\/www.epav.pt\\\/epav\\\/\",\"name\":\"EPAV\",\"description\":\"Escola Profissional Alda Brand\u00e3o de Vasconcelos\",\"alternateName\":\"Escola Profissional Alda Brand\u00e3o de Vasconcelos\",\"potentialAction\":[{\"@type\":\"SearchAction\",\"target\":{\"@type\":\"EntryPoint\",\"urlTemplate\":\"https:\\\/\\\/www.epav.pt\\\/epav\\\/?s={search_term_string}\"},\"query-input\":{\"@type\":\"PropertyValueSpecification\",\"valueRequired\":true,\"valueName\":\"search_term_string\"}}],\"inLanguage\":\"pt-PT\"}]}<\/script>\n<!-- \/ Yoast SEO plugin. -->","yoast_head_json":{"title":"Professores - EPAV","robots":{"index":"index","follow":"follow","max-snippet":"max-snippet:-1","max-image-preview":"max-image-preview:large","max-video-preview":"max-video-preview:-1"},"canonical":"https:\/\/www.epav.pt\/epav\/documentos\/professores\/","og_locale":"pt_PT","og_type":"article","og_title":"Professores - EPAV","og_description":"DOCUMENTOS | PROFESSORES Avaliar para melhorar aprendizagens Regulamento de visitas de estudo Reorganiza\u00e7\u00e3o curricular Reorganiza\u00e7\u00e3o curricular C\u00f3digo deontol\u00f3gico do professor","og_url":"https:\/\/www.epav.pt\/epav\/documentos\/professores\/","og_site_name":"EPAV","article_modified_time":"2025-12-10T12:16:11+00:00","og_image":[{"width":1811,"height":2560,"url":"https:\/\/www.epav.pt\/epav\/wp-content\/uploads\/2025\/12\/Regulamento-das-Visitas-de-Estudo-1-scaled.jpg","type":"image\/jpeg"}],"twitter_card":"summary_large_image","twitter_misc":{"Tempo estimado de leitura":"2 minutos"},"schema":{"@context":"https:\/\/schema.org","@graph":[{"@type":"WebPage","@id":"https:\/\/www.epav.pt\/epav\/documentos\/professores\/","url":"https:\/\/www.epav.pt\/epav\/documentos\/professores\/","name":"Professores - EPAV","isPartOf":{"@id":"https:\/\/www.epav.pt\/epav\/#website"},"primaryImageOfPage":{"@id":"https:\/\/www.epav.pt\/epav\/documentos\/professores\/#primaryimage"},"image":{"@id":"https:\/\/www.epav.pt\/epav\/documentos\/professores\/#primaryimage"},"thumbnailUrl":"https:\/\/www.epav.pt\/epav\/wp-content\/uploads\/2025\/12\/Regulamento-das-Visitas-de-Estudo-1-scaled.jpg","datePublished":"2020-07-13T15:23:40+00:00","dateModified":"2025-12-10T12:16:11+00:00","breadcrumb":{"@id":"https:\/\/www.epav.pt\/epav\/documentos\/professores\/#breadcrumb"},"inLanguage":"pt-PT","potentialAction":[{"@type":"ReadAction","target":["https:\/\/www.epav.pt\/epav\/documentos\/professores\/"]}]},{"@type":"ImageObject","inLanguage":"pt-PT","@id":"https:\/\/www.epav.pt\/epav\/documentos\/professores\/#primaryimage","url":"https:\/\/www.epav.pt\/epav\/wp-content\/uploads\/2025\/12\/Regulamento-das-Visitas-de-Estudo-1-scaled.jpg","contentUrl":"https:\/\/www.epav.pt\/epav\/wp-content\/uploads\/2025\/12\/Regulamento-das-Visitas-de-Estudo-1-scaled.jpg","width":1811,"height":2560},{"@type":"BreadcrumbList","@id":"https:\/\/www.epav.pt\/epav\/documentos\/professores\/#breadcrumb","itemListElement":[{"@type":"ListItem","position":1,"name":"In\u00edcio","item":"https:\/\/www.epav.pt\/epav\/"},{"@type":"ListItem","position":2,"name":"Documentos","item":"https:\/\/www.epav.pt\/epav\/documentos\/"},{"@type":"ListItem","position":3,"name":"Professores"}]},{"@type":"WebSite","@id":"https:\/\/www.epav.pt\/epav\/#website","url":"https:\/\/www.epav.pt\/epav\/","name":"EPAV","description":"Escola Profissional Alda Brand\u00e3o de Vasconcelos","alternateName":"Escola Profissional Alda Brand\u00e3o de Vasconcelos","potentialAction":[{"@type":"SearchAction","target":{"@type":"EntryPoint","urlTemplate":"https:\/\/www.epav.pt\/epav\/?s={search_term_string}"},"query-input":{"@type":"PropertyValueSpecification","valueRequired":true,"valueName":"search_term_string"}}],"inLanguage":"pt-PT"}]}},"_links":{"self":[{"href":"https:\/\/www.epav.pt\/epav\/wp-json\/wp\/v2\/pages\/4882","targetHints":{"allow":["GET"]}}],"collection":[{"href":"https:\/\/www.epav.pt\/epav\/wp-json\/wp\/v2\/pages"}],"about":[{"href":"https:\/\/www.epav.pt\/epav\/wp-json\/wp\/v2\/types\/page"}],"author":[{"embeddable":true,"href":"https:\/\/www.epav.pt\/epav\/wp-json\/wp\/v2\/users\/1"}],"replies":[{"embeddable":true,"href":"https:\/\/www.epav.pt\/epav\/wp-json\/wp\/v2\/comments?post=4882"}],"version-history":[{"count":0,"href":"https:\/\/www.epav.pt\/epav\/wp-json\/wp\/v2\/pages\/4882\/revisions"}],"up":[{"embeddable":true,"href":"https:\/\/www.epav.pt\/epav\/wp-json\/wp\/v2\/pages\/1823"}],"wp:featuredmedia":[{"embeddable":true,"href":"https:\/\/www.epav.pt\/epav\/wp-json\/wp\/v2\/media\/11041"}],"wp:attachment":[{"href":"https:\/\/www.epav.pt\/epav\/wp-json\/wp\/v2\/media?parent=4882"}],"curies":[{"name":"wp","href":"https:\/\/api.w.org\/{rel}","templated":true}]}}