{"id":2745,"date":"2017-02-03T10:27:58","date_gmt":"2017-02-03T10:27:58","guid":{"rendered":"http:\/\/newsite.epav.pt\/?page_id=2"},"modified":"2025-05-07T18:02:01","modified_gmt":"2025-05-07T18:02:01","slug":"acao-social-escolar","status":"publish","type":"page","link":"https:\/\/www.epav.pt\/epav\/acao-social-escolar\/","title":{"rendered":"A\u00e7\u00e3o Social Escolar"},"content":{"rendered":"<div class=\"vc_row wpb_row vc_row-fluid\">\n<div class=\"wpb_column vc_column_container vc_col-sm-12\">\n<div class=\"vc_column-inner \">\n<div class=\"wpb_wrapper\">\n<div class=\"wpb_text_column wpb_content_element  vc_custom_1486246060421\">\n<div class=\"wpb_wrapper\">\n<p>A\u00a0A\u00e7\u00e3o Social \u00a0Escolar \u00a0(ASE) trata dos subs\u00eddios \u00a0de estudo, \u00a0nomeadamente, apoio alimentar \u00a0no refeit\u00f3rio \u00a0da \u00a0escola \u00a0e \u00a0apoio \u00a0\u00e0 \u00a0aquisi\u00e7\u00e3o \u00a0de \u00a0sebentas, fotocopias \u00a0e \u00a0materiais \u00a0escolares.<\/p>\n<hr \/>\n<ul>\n<li>A \u00a0atribui\u00e7\u00e3o de subs\u00eddios de A\u00e7\u00e3o Social Escolar depende da apresenta\u00e7\u00e3o da declara\u00e7\u00e3o obtida na seguran\u00e7a social,durante a matr\u00edcula e renova\u00e7\u00e3o de matr\u00edculas dos alunos, nos prazos a fixar pela Dire\u00e7\u00e3o.<\/li>\n<li>A atribui\u00e7\u00e3o dos aux\u00edlios econ\u00f3micos depende da integra\u00e7\u00e3o dos alunos em escal\u00f5es do ASE que s\u00e3o determinados pelo posicionamento nos escal\u00f5es de rendimento para atribui\u00e7\u00e3o de \u00a0abono de fam\u00edlia. Assim, para que a candidatura seja analisada \u00e9 necess\u00e1rio que o Encarregado de Educa\u00e7\u00e3o fa\u00e7a prova do seu posicionamento nos escal\u00f5es de atribui\u00e7\u00e3o de abono de fam\u00edlia, atrav\u00e9s do documento emitido pela seguran\u00e7a social ou, quando se trate de trabalhadores da Administra\u00e7\u00e3o P\u00fablica, pelo seu servi\u00e7o processador.<\/li>\n<li>A Dire\u00e7\u00e3o reserva-se o direito de solicitar outra documenta\u00e7\u00e3o que julgue necess\u00e1ria, bem como solicitar a presen\u00e7a do Encarregado de Educa\u00e7\u00e3o do candidato. A Dire\u00e7\u00e3o levar\u00e1 em conta todos os casos excecionais que possam surgir, devendo estes ser comprovados atrav\u00e9s da documenta\u00e7\u00e3o necess\u00e1ria.<\/li>\n<\/ul>\n<\/div>\n<\/div>\n<div class=\"wpb_text_column wpb_content_element  vc_custom_1486246116771\">\n<div class=\"wpb_wrapper\">\n<h3>\u00a0<\/h3>\n<h3>APOIOS ALIMENTARES<\/h3>\n<p>Aos alunos a quem for atribu\u00eddo escal\u00e3o \u00a0A podem adquirir as senhas para almo\u00e7ar, na Secretaria. Estes alunos est\u00e3o isentos do pagamento das refei\u00e7\u00f5es.<\/p>\n<hr \/>\n<ul>\n<li>Aos alunos a quem for atribu\u00eddo o escal\u00e3o \u00a0B, a refei\u00e7\u00e3o ficar\u00e1 por metade (50%) do custo total, definido por Lei.<\/li>\n<li><strong>Nota:<\/strong>\u00a0em qualquer dos casos (escal\u00f5es A e B), sempre que a senha de refei\u00e7\u00e3o for adquirida no pr\u00f3prio dia (apenas at\u00e9 \u00e1s 10horas), o custo ser\u00e1 acrescido de uma taxa adicional.<\/li>\n<\/ul>\n<\/div>\n<\/div>\n<div class=\"wpb_text_column wpb_content_element  vc_custom_1486246199888\">\n<div class=\"wpb_wrapper\">\n<h3>\u00a0<\/h3>\n<h3>MATERIAL ESCOLAR<\/h3>\n<p>O \u00a0valor \u00a0das \u00a0comparticipa\u00e7\u00f5es \u00a0a \u00a0atribuir \u00a0aos \u00a0alunos \u00a0para\u00a0 material \u00a0escolar \u00a0\u00e9 \u00a0determinado, anualmente, por despacho do Minist\u00e9rio da Educa\u00e7\u00e3o.<\/p>\n<hr \/>\n<p>O subs\u00eddio para materiais escolares, na EPAV, respeita os seguintes procedimentos:<\/p>\n<ol>\n<li>O aluno compra o material escolar \u00a0e solicita \u00a0a \u00a0fatura \u00a0(discriminada) \u00a0em \u00a0nome do Aluno com a indica\u00e7\u00e3o do ano de escolaridade do aluno e respectivo contribuinte.<\/li>\n<li>Posteriormente entrega nos servi\u00e7os de Administra\u00e7\u00e3o Escolar e aguarda a posterior comparticipa\u00e7\u00e3o por parte da escola.<\/li>\n<li>O \u00a0aluno \u00a0\u00e9 \u00a0reembolsado tendo \u00a0em \u00a0conta \u00a0o \u00a0escal\u00e3o \u00a0que \u00a0lhe\u00a0 foi \u00a0previamente \u00a0atribu\u00eddo \u00a0e\u00a0 o \u00a0valor correspondente a esse mesmo escal\u00e3o.<\/li>\n<\/ol>\n<\/div>\n<\/div>\n<div class=\"wpb_text_column wpb_content_element  vc_custom_1611062973720\">\u00a0<\/div>\n<\/div>\n<\/div>\n<\/div>\n<\/div>\n<div class=\"vc_row wpb_row vc_row-fluid vc_row-o-content-middle vc_row-flex\">\n<div class=\"wpb_column vc_column_container vc_col-sm-12\">\n<div class=\"vc_column-inner \">\n<div class=\"wpb_wrapper\">\n<div class=\"wpb_single_image wpb_content_element vc_align_center\">\u00a0<\/div>\n<\/div>\n<\/div>\n<\/div>\n<\/div>\n\n\n<p><\/p>\n","protected":false},"excerpt":{"rendered":"<p>A\u00a0A\u00e7\u00e3o Social \u00a0Escolar \u00a0(ASE) trata dos subs\u00eddios \u00a0de estudo, \u00a0nomeadamente, apoio alimentar \u00a0no refeit\u00f3rio \u00a0da \u00a0escola \u00a0e \u00a0apoio \u00a0\u00e0 \u00a0aquisi\u00e7\u00e3o \u00a0de \u00a0sebentas, fotocopias \u00a0e \u00a0materiais \u00a0escolares. A \u00a0atribui\u00e7\u00e3o de subs\u00eddios de A\u00e7\u00e3o Social Escolar depende da apresenta\u00e7\u00e3o da declara\u00e7\u00e3o obtida na seguran\u00e7a social,durante a matr\u00edcula e renova\u00e7\u00e3o de matr\u00edculas dos alunos, nos prazos a fixar [&hellip;]<\/p>\n","protected":false},"author":1,"featured_media":0,"parent":0,"menu_order":0,"comment_status":"closed","ping_status":"closed","template":"","meta":{"footnotes":""},"class_list":["post-2745","page","type-page","status-publish","hentry"],"acpt":null,"yoast_head":"<!-- This site is optimized with the Yoast SEO plugin v27.3 - https:\/\/yoast.com\/product\/yoast-seo-wordpress\/ -->\n<title>A\u00e7\u00e3o Social Escolar<\/title>\n<meta name=\"robots\" content=\"index, follow, max-snippet:-1, max-image-preview:large, max-video-preview:-1\" \/>\n<link rel=\"canonical\" href=\"https:\/\/www.epav.pt\/epav\/acao-social-escolar\/\" \/>\n<meta property=\"og:locale\" content=\"pt_PT\" \/>\n<meta property=\"og:type\" content=\"article\" \/>\n<meta property=\"og:title\" content=\"A\u00e7\u00e3o Social Escolar\" \/>\n<meta property=\"og:description\" content=\"A\u00a0A\u00e7\u00e3o Social \u00a0Escolar \u00a0(ASE) trata dos subs\u00eddios \u00a0de estudo, \u00a0nomeadamente, apoio alimentar \u00a0no refeit\u00f3rio \u00a0da \u00a0escola \u00a0e \u00a0apoio \u00a0\u00e0 \u00a0aquisi\u00e7\u00e3o \u00a0de \u00a0sebentas, fotocopias \u00a0e \u00a0materiais \u00a0escolares. A \u00a0atribui\u00e7\u00e3o de subs\u00eddios de A\u00e7\u00e3o Social Escolar depende da apresenta\u00e7\u00e3o da declara\u00e7\u00e3o obtida na seguran\u00e7a social,durante a matr\u00edcula e renova\u00e7\u00e3o de matr\u00edculas dos alunos, nos prazos a fixar [&hellip;]\" \/>\n<meta property=\"og:url\" content=\"https:\/\/www.epav.pt\/epav\/acao-social-escolar\/\" \/>\n<meta property=\"og:site_name\" content=\"EPAV\" \/>\n<meta property=\"article:modified_time\" content=\"2025-05-07T18:02:01+00:00\" \/>\n<meta property=\"og:image\" content=\"https:\/\/www.epav.pt\/epav\/wp-content\/uploads\/2025\/03\/FAVICON.png\" \/>\n\t<meta property=\"og:image:width\" content=\"512\" \/>\n\t<meta property=\"og:image:height\" content=\"512\" \/>\n\t<meta property=\"og:image:type\" content=\"image\/png\" \/>\n<meta name=\"twitter:card\" content=\"summary_large_image\" \/>\n<meta name=\"twitter:label1\" content=\"Tempo estimado de leitura\" \/>\n\t<meta name=\"twitter:data1\" content=\"2 minutos\" \/>\n<script type=\"application\/ld+json\" class=\"yoast-schema-graph\">{\"@context\":\"https:\\\/\\\/schema.org\",\"@graph\":[{\"@type\":\"WebPage\",\"@id\":\"https:\\\/\\\/www.epav.pt\\\/epav\\\/acao-social-escolar\\\/\",\"url\":\"https:\\\/\\\/www.epav.pt\\\/epav\\\/acao-social-escolar\\\/\",\"name\":\"A\u00e7\u00e3o Social Escolar\",\"isPartOf\":{\"@id\":\"https:\\\/\\\/www.epav.pt\\\/epav\\\/#website\"},\"datePublished\":\"2017-02-03T10:27:58+00:00\",\"dateModified\":\"2025-05-07T18:02:01+00:00\",\"breadcrumb\":{\"@id\":\"https:\\\/\\\/www.epav.pt\\\/epav\\\/acao-social-escolar\\\/#breadcrumb\"},\"inLanguage\":\"pt-PT\",\"potentialAction\":[{\"@type\":\"ReadAction\",\"target\":[\"https:\\\/\\\/www.epav.pt\\\/epav\\\/acao-social-escolar\\\/\"]}]},{\"@type\":\"BreadcrumbList\",\"@id\":\"https:\\\/\\\/www.epav.pt\\\/epav\\\/acao-social-escolar\\\/#breadcrumb\",\"itemListElement\":[{\"@type\":\"ListItem\",\"position\":1,\"name\":\"In\u00edcio\",\"item\":\"https:\\\/\\\/www.epav.pt\\\/epav\\\/\"},{\"@type\":\"ListItem\",\"position\":2,\"name\":\"A\u00e7\u00e3o Social Escolar\"}]},{\"@type\":\"WebSite\",\"@id\":\"https:\\\/\\\/www.epav.pt\\\/epav\\\/#website\",\"url\":\"https:\\\/\\\/www.epav.pt\\\/epav\\\/\",\"name\":\"EPAV\",\"description\":\"Escola Profissional Alda Brand\u00e3o de Vasconcelos\",\"alternateName\":\"Escola Profissional Alda Brand\u00e3o de Vasconcelos\",\"potentialAction\":[{\"@type\":\"SearchAction\",\"target\":{\"@type\":\"EntryPoint\",\"urlTemplate\":\"https:\\\/\\\/www.epav.pt\\\/epav\\\/?s={search_term_string}\"},\"query-input\":{\"@type\":\"PropertyValueSpecification\",\"valueRequired\":true,\"valueName\":\"search_term_string\"}}],\"inLanguage\":\"pt-PT\"}]}<\/script>\n<!-- \/ Yoast SEO plugin. -->","yoast_head_json":{"title":"A\u00e7\u00e3o Social Escolar","robots":{"index":"index","follow":"follow","max-snippet":"max-snippet:-1","max-image-preview":"max-image-preview:large","max-video-preview":"max-video-preview:-1"},"canonical":"https:\/\/www.epav.pt\/epav\/acao-social-escolar\/","og_locale":"pt_PT","og_type":"article","og_title":"A\u00e7\u00e3o Social Escolar","og_description":"A\u00a0A\u00e7\u00e3o Social \u00a0Escolar \u00a0(ASE) trata dos subs\u00eddios \u00a0de estudo, \u00a0nomeadamente, apoio alimentar \u00a0no refeit\u00f3rio \u00a0da \u00a0escola \u00a0e \u00a0apoio \u00a0\u00e0 \u00a0aquisi\u00e7\u00e3o \u00a0de \u00a0sebentas, fotocopias \u00a0e \u00a0materiais \u00a0escolares. A \u00a0atribui\u00e7\u00e3o de subs\u00eddios de A\u00e7\u00e3o Social Escolar depende da apresenta\u00e7\u00e3o da declara\u00e7\u00e3o obtida na seguran\u00e7a social,durante a matr\u00edcula e renova\u00e7\u00e3o de matr\u00edculas dos alunos, nos prazos a fixar [&hellip;]","og_url":"https:\/\/www.epav.pt\/epav\/acao-social-escolar\/","og_site_name":"EPAV","article_modified_time":"2025-05-07T18:02:01+00:00","og_image":[{"width":512,"height":512,"url":"https:\/\/www.epav.pt\/epav\/wp-content\/uploads\/2025\/03\/FAVICON.png","type":"image\/png"}],"twitter_card":"summary_large_image","twitter_misc":{"Tempo estimado de leitura":"2 minutos"},"schema":{"@context":"https:\/\/schema.org","@graph":[{"@type":"WebPage","@id":"https:\/\/www.epav.pt\/epav\/acao-social-escolar\/","url":"https:\/\/www.epav.pt\/epav\/acao-social-escolar\/","name":"A\u00e7\u00e3o Social Escolar","isPartOf":{"@id":"https:\/\/www.epav.pt\/epav\/#website"},"datePublished":"2017-02-03T10:27:58+00:00","dateModified":"2025-05-07T18:02:01+00:00","breadcrumb":{"@id":"https:\/\/www.epav.pt\/epav\/acao-social-escolar\/#breadcrumb"},"inLanguage":"pt-PT","potentialAction":[{"@type":"ReadAction","target":["https:\/\/www.epav.pt\/epav\/acao-social-escolar\/"]}]},{"@type":"BreadcrumbList","@id":"https:\/\/www.epav.pt\/epav\/acao-social-escolar\/#breadcrumb","itemListElement":[{"@type":"ListItem","position":1,"name":"In\u00edcio","item":"https:\/\/www.epav.pt\/epav\/"},{"@type":"ListItem","position":2,"name":"A\u00e7\u00e3o Social Escolar"}]},{"@type":"WebSite","@id":"https:\/\/www.epav.pt\/epav\/#website","url":"https:\/\/www.epav.pt\/epav\/","name":"EPAV","description":"Escola Profissional Alda Brand\u00e3o de Vasconcelos","alternateName":"Escola Profissional Alda Brand\u00e3o de Vasconcelos","potentialAction":[{"@type":"SearchAction","target":{"@type":"EntryPoint","urlTemplate":"https:\/\/www.epav.pt\/epav\/?s={search_term_string}"},"query-input":{"@type":"PropertyValueSpecification","valueRequired":true,"valueName":"search_term_string"}}],"inLanguage":"pt-PT"}]}},"_links":{"self":[{"href":"https:\/\/www.epav.pt\/epav\/wp-json\/wp\/v2\/pages\/2745","targetHints":{"allow":["GET"]}}],"collection":[{"href":"https:\/\/www.epav.pt\/epav\/wp-json\/wp\/v2\/pages"}],"about":[{"href":"https:\/\/www.epav.pt\/epav\/wp-json\/wp\/v2\/types\/page"}],"author":[{"embeddable":true,"href":"https:\/\/www.epav.pt\/epav\/wp-json\/wp\/v2\/users\/1"}],"replies":[{"embeddable":true,"href":"https:\/\/www.epav.pt\/epav\/wp-json\/wp\/v2\/comments?post=2745"}],"version-history":[{"count":0,"href":"https:\/\/www.epav.pt\/epav\/wp-json\/wp\/v2\/pages\/2745\/revisions"}],"wp:attachment":[{"href":"https:\/\/www.epav.pt\/epav\/wp-json\/wp\/v2\/media?parent=2745"}],"curies":[{"name":"wp","href":"https:\/\/api.w.org\/{rel}","templated":true}]}}