{"id":2403,"date":"2017-06-05T16:23:03","date_gmt":"2017-06-05T16:23:03","guid":{"rendered":"https:\/\/www.epav.pt\/epav\/?page_id=2403"},"modified":"2025-04-03T18:36:36","modified_gmt":"2025-04-03T18:36:36","slug":"dbgep-r","status":"publish","type":"page","link":"https:\/\/www.epav.pt\/epav\/dbgep-r\/","title":{"rendered":"dbGEP-R"},"content":{"rendered":"\n<p>A&nbsp;<strong>dbGEP-R<\/strong>&nbsp;\u00e9 uma uma plataforma de informa\u00e7\u00e3o acad\u00e9mica, relativa a&nbsp;<strong>Hor\u00e1rios<\/strong>,&nbsp;<strong>Faltas e Notas<\/strong>&nbsp;que a EPAV&nbsp;disponibiliza aos Alunos e Encarregados de Educa\u00e7\u00e3o.<\/p>\n\n\n\n<p><strong>Esta plataforma serve apenas para consulta.<\/strong><\/p>\n\n\n\n<p>Esta plataforma encontra-se em pleno funcionamento, podendo ser acedida online, ap\u00f3s autentica\u00e7\u00e3o, premindo na imagem ou no link em baixo.<\/p>\n\n\n\n<div class=\"wp-block-buttons is-content-justification-center is-layout-flex wp-container-core-buttons-is-layout-873b8b11 wp-block-buttons-is-layout-flex\" style=\"padding-top:var(--wp--preset--spacing--50);padding-right:var(--wp--preset--spacing--50);padding-bottom:var(--wp--preset--spacing--50);padding-left:var(--wp--preset--spacing--50)\">\n<div class=\"wp-block-button\"><a class=\"wp-block-button__link has-black-color has-light-green-cyan-background-color has-text-color has-background has-link-color wp-element-button\" href=\"https:\/\/www.epav.pt\/dbGEP-R\/FrontEnd\/\" target=\"_blank\" rel=\"noreferrer noopener\"><strong>ENTRAR na&nbsp;PLATAFORMA<\/strong><\/a><\/div>\n<\/div>\n\n\n\n<h5 class=\"wp-block-heading\"><strong>utentica\u00e7\u00e3o<\/strong><\/h5>\n\n\n\n<p><strong>Se for aluno:<\/strong><\/p>\n\n\n\n<ul class=\"wp-block-list\">\n<li>O seu utilizador \u00e9 \u201ca+n\u00ba aluno\u201d (por ex. se o seu n\u00famero for 199888, deve colocar no utilizador \u201ca199888\u201d);<\/li>\n\n\n\n<li>A sua senha de acesso \u00e9 n\u00famero do documento de identifica\u00e7\u00e3o que consta no processo individual: BI, Cart\u00e3o de cidad\u00e3o, passaporte, Autoriza\u00e7\u00e3o de Resid\u00eancia, etc., com todos os d\u00edgitos (no caso do cart\u00e3o de cidad\u00e3o, inclua os 2ZZ0 no final com as letras em mai\u00fasculas).<\/li>\n<\/ul>\n\n\n\n<p><strong>Se for professor:<\/strong><\/p>\n\n\n\n<ul class=\"wp-block-list\">\n<li>O seu utilizador \u00e9 \u201cp+n\u00ba de funcion\u00e1rio\u201d. Por ex. se o seu n\u00famero de funcion\u00e1rio for 123, deve colocar no utilizador \u201cp123\u201d;<\/li>\n\n\n\n<li>A sua senha de acesso \u00e9 n\u00famero do documento de identifica\u00e7\u00e3o que consta no processo individual: BI, Cart\u00e3o de cidad\u00e3o, passaporte, Autoriza\u00e7\u00e3o de Resid\u00eancia, etc., com todos os d\u00edgitos (no caso do cart\u00e3o de cidad\u00e3o, inclua os 2ZZ0 no final com as letras em mai\u00fasculas).<\/li>\n<\/ul>\n\n\n\n<p><strong>Nota:<\/strong>&nbsp;A informa\u00e7\u00e3o \u00e9 actualizada a cada 2 horas. No entanto, depende do funcionamento de cada secretaria a informa\u00e7\u00e3o que \u00e9 carregada no sistema.<\/p>\n\n\n\n<p style=\"padding-bottom:var(--wp--preset--spacing--80)\"><strong>Todos os hor\u00e1rios disponibilizados s\u00e3o PROVIS\u00d3RIOS, estando&nbsp;<\/strong><strong>sujeitos a altera\u00e7\u00e3o\u2026<\/strong><\/p>\n\n\n\n<p><\/p>\n","protected":false},"excerpt":{"rendered":"<p>A&nbsp;dbGEP-R&nbsp;\u00e9 uma uma plataforma de informa\u00e7\u00e3o acad\u00e9mica, relativa a&nbsp;Hor\u00e1rios,&nbsp;Faltas e Notas&nbsp;que a EPAV&nbsp;disponibiliza aos Alunos e Encarregados de Educa\u00e7\u00e3o. Esta plataforma serve apenas para consulta. Esta plataforma encontra-se em pleno funcionamento, podendo ser acedida online, ap\u00f3s autentica\u00e7\u00e3o, premindo na imagem ou no link em baixo. utentica\u00e7\u00e3o Se for aluno: Se for professor: Nota:&nbsp;A informa\u00e7\u00e3o \u00e9 [&hellip;]<\/p>\n","protected":false},"author":1,"featured_media":0,"parent":0,"menu_order":0,"comment_status":"closed","ping_status":"closed","template":"","meta":{"footnotes":""},"class_list":["post-2403","page","type-page","status-publish","hentry"],"acpt":null,"yoast_head":"<!-- This site is optimized with the Yoast SEO plugin v27.3 - https:\/\/yoast.com\/product\/yoast-seo-wordpress\/ -->\n<title>dbGEP-R - EPAV<\/title>\n<meta name=\"robots\" content=\"index, follow, max-snippet:-1, max-image-preview:large, max-video-preview:-1\" \/>\n<link rel=\"canonical\" href=\"https:\/\/www.epav.pt\/epav\/dbgep-r\/\" \/>\n<meta property=\"og:locale\" content=\"pt_PT\" \/>\n<meta property=\"og:type\" content=\"article\" \/>\n<meta property=\"og:title\" content=\"dbGEP-R - EPAV\" \/>\n<meta property=\"og:description\" content=\"A&nbsp;dbGEP-R&nbsp;\u00e9 uma uma plataforma de informa\u00e7\u00e3o acad\u00e9mica, relativa a&nbsp;Hor\u00e1rios,&nbsp;Faltas e Notas&nbsp;que a EPAV&nbsp;disponibiliza aos Alunos e Encarregados de Educa\u00e7\u00e3o. Esta plataforma serve apenas para consulta. Esta plataforma encontra-se em pleno funcionamento, podendo ser acedida online, ap\u00f3s autentica\u00e7\u00e3o, premindo na imagem ou no link em baixo. utentica\u00e7\u00e3o Se for aluno: Se for professor: Nota:&nbsp;A informa\u00e7\u00e3o \u00e9 [&hellip;]\" \/>\n<meta property=\"og:url\" content=\"https:\/\/www.epav.pt\/epav\/dbgep-r\/\" \/>\n<meta property=\"og:site_name\" content=\"EPAV\" \/>\n<meta property=\"article:modified_time\" content=\"2025-04-03T18:36:36+00:00\" \/>\n<meta property=\"og:image\" content=\"https:\/\/www.epav.pt\/epav\/wp-content\/uploads\/2025\/03\/FAVICON.png\" \/>\n\t<meta property=\"og:image:width\" content=\"512\" \/>\n\t<meta property=\"og:image:height\" content=\"512\" \/>\n\t<meta property=\"og:image:type\" content=\"image\/png\" \/>\n<meta name=\"twitter:card\" content=\"summary_large_image\" \/>\n<meta name=\"twitter:label1\" content=\"Tempo estimado de leitura\" \/>\n\t<meta name=\"twitter:data1\" content=\"2 minutos\" \/>\n<script type=\"application\/ld+json\" class=\"yoast-schema-graph\">{\"@context\":\"https:\\\/\\\/schema.org\",\"@graph\":[{\"@type\":\"WebPage\",\"@id\":\"https:\\\/\\\/www.epav.pt\\\/epav\\\/dbgep-r\\\/\",\"url\":\"https:\\\/\\\/www.epav.pt\\\/epav\\\/dbgep-r\\\/\",\"name\":\"dbGEP-R - EPAV\",\"isPartOf\":{\"@id\":\"https:\\\/\\\/www.epav.pt\\\/epav\\\/#website\"},\"datePublished\":\"2017-06-05T16:23:03+00:00\",\"dateModified\":\"2025-04-03T18:36:36+00:00\",\"breadcrumb\":{\"@id\":\"https:\\\/\\\/www.epav.pt\\\/epav\\\/dbgep-r\\\/#breadcrumb\"},\"inLanguage\":\"pt-PT\",\"potentialAction\":[{\"@type\":\"ReadAction\",\"target\":[\"https:\\\/\\\/www.epav.pt\\\/epav\\\/dbgep-r\\\/\"]}]},{\"@type\":\"BreadcrumbList\",\"@id\":\"https:\\\/\\\/www.epav.pt\\\/epav\\\/dbgep-r\\\/#breadcrumb\",\"itemListElement\":[{\"@type\":\"ListItem\",\"position\":1,\"name\":\"In\u00edcio\",\"item\":\"https:\\\/\\\/www.epav.pt\\\/epav\\\/\"},{\"@type\":\"ListItem\",\"position\":2,\"name\":\"dbGEP-R\"}]},{\"@type\":\"WebSite\",\"@id\":\"https:\\\/\\\/www.epav.pt\\\/epav\\\/#website\",\"url\":\"https:\\\/\\\/www.epav.pt\\\/epav\\\/\",\"name\":\"EPAV\",\"description\":\"Escola Profissional Alda Brand\u00e3o de Vasconcelos\",\"alternateName\":\"Escola Profissional Alda Brand\u00e3o de Vasconcelos\",\"potentialAction\":[{\"@type\":\"SearchAction\",\"target\":{\"@type\":\"EntryPoint\",\"urlTemplate\":\"https:\\\/\\\/www.epav.pt\\\/epav\\\/?s={search_term_string}\"},\"query-input\":{\"@type\":\"PropertyValueSpecification\",\"valueRequired\":true,\"valueName\":\"search_term_string\"}}],\"inLanguage\":\"pt-PT\"}]}<\/script>\n<!-- \/ Yoast SEO plugin. -->","yoast_head_json":{"title":"dbGEP-R - EPAV","robots":{"index":"index","follow":"follow","max-snippet":"max-snippet:-1","max-image-preview":"max-image-preview:large","max-video-preview":"max-video-preview:-1"},"canonical":"https:\/\/www.epav.pt\/epav\/dbgep-r\/","og_locale":"pt_PT","og_type":"article","og_title":"dbGEP-R - EPAV","og_description":"A&nbsp;dbGEP-R&nbsp;\u00e9 uma uma plataforma de informa\u00e7\u00e3o acad\u00e9mica, relativa a&nbsp;Hor\u00e1rios,&nbsp;Faltas e Notas&nbsp;que a EPAV&nbsp;disponibiliza aos Alunos e Encarregados de Educa\u00e7\u00e3o. Esta plataforma serve apenas para consulta. Esta plataforma encontra-se em pleno funcionamento, podendo ser acedida online, ap\u00f3s autentica\u00e7\u00e3o, premindo na imagem ou no link em baixo. utentica\u00e7\u00e3o Se for aluno: Se for professor: Nota:&nbsp;A informa\u00e7\u00e3o \u00e9 [&hellip;]","og_url":"https:\/\/www.epav.pt\/epav\/dbgep-r\/","og_site_name":"EPAV","article_modified_time":"2025-04-03T18:36:36+00:00","og_image":[{"width":512,"height":512,"url":"https:\/\/www.epav.pt\/epav\/wp-content\/uploads\/2025\/03\/FAVICON.png","type":"image\/png"}],"twitter_card":"summary_large_image","twitter_misc":{"Tempo estimado de leitura":"2 minutos"},"schema":{"@context":"https:\/\/schema.org","@graph":[{"@type":"WebPage","@id":"https:\/\/www.epav.pt\/epav\/dbgep-r\/","url":"https:\/\/www.epav.pt\/epav\/dbgep-r\/","name":"dbGEP-R - EPAV","isPartOf":{"@id":"https:\/\/www.epav.pt\/epav\/#website"},"datePublished":"2017-06-05T16:23:03+00:00","dateModified":"2025-04-03T18:36:36+00:00","breadcrumb":{"@id":"https:\/\/www.epav.pt\/epav\/dbgep-r\/#breadcrumb"},"inLanguage":"pt-PT","potentialAction":[{"@type":"ReadAction","target":["https:\/\/www.epav.pt\/epav\/dbgep-r\/"]}]},{"@type":"BreadcrumbList","@id":"https:\/\/www.epav.pt\/epav\/dbgep-r\/#breadcrumb","itemListElement":[{"@type":"ListItem","position":1,"name":"In\u00edcio","item":"https:\/\/www.epav.pt\/epav\/"},{"@type":"ListItem","position":2,"name":"dbGEP-R"}]},{"@type":"WebSite","@id":"https:\/\/www.epav.pt\/epav\/#website","url":"https:\/\/www.epav.pt\/epav\/","name":"EPAV","description":"Escola Profissional Alda Brand\u00e3o de Vasconcelos","alternateName":"Escola Profissional Alda Brand\u00e3o de Vasconcelos","potentialAction":[{"@type":"SearchAction","target":{"@type":"EntryPoint","urlTemplate":"https:\/\/www.epav.pt\/epav\/?s={search_term_string}"},"query-input":{"@type":"PropertyValueSpecification","valueRequired":true,"valueName":"search_term_string"}}],"inLanguage":"pt-PT"}]}},"_links":{"self":[{"href":"https:\/\/www.epav.pt\/epav\/wp-json\/wp\/v2\/pages\/2403","targetHints":{"allow":["GET"]}}],"collection":[{"href":"https:\/\/www.epav.pt\/epav\/wp-json\/wp\/v2\/pages"}],"about":[{"href":"https:\/\/www.epav.pt\/epav\/wp-json\/wp\/v2\/types\/page"}],"author":[{"embeddable":true,"href":"https:\/\/www.epav.pt\/epav\/wp-json\/wp\/v2\/users\/1"}],"replies":[{"embeddable":true,"href":"https:\/\/www.epav.pt\/epav\/wp-json\/wp\/v2\/comments?post=2403"}],"version-history":[{"count":0,"href":"https:\/\/www.epav.pt\/epav\/wp-json\/wp\/v2\/pages\/2403\/revisions"}],"wp:attachment":[{"href":"https:\/\/www.epav.pt\/epav\/wp-json\/wp\/v2\/media?parent=2403"}],"curies":[{"name":"wp","href":"https:\/\/api.w.org\/{rel}","templated":true}]}}